e
Is 3594583 prime?
True
Is 132989 prime?
True
Is 238627 composite?
False
Is 1473793 prime?
True
Is 11567813 prime?
True
Is 77523449 prime?
False
Is 643837417 composite?
False
Is 234825911 a composite number?
False
Is 35117767 prime?
False
Is 30357741 a composite number?
True
Is 2297462393 a composite number?
False
Is 55108601 a prime number?
False
Is 281787823 composite?
False
Is 9216139 a prime number?
True
Is 59255029 prime?
False
Is 25308883 prime?
False
Is 33594871 prime?
True
Is 3153197 a composite number?
True
Is 4452073 prime?
True
Is 2322497 composite?
False
Is 56715187 prime?
True
Is 794831 a prime number?
True
Is 152619253 a composite number?
True
Is 16268779 composite?
True
Is 15380285 a composite number?
True
Is 113217383 a composite number?
True
Is 72983929 a prime number?
False
Is 18800797 composite?
False
Is 40542127 a prime number?
False
Is 155039377 composite?
False
Is 389819 a composite number?
False
Is 1110163 a composite number?
True
Is 4721831 a composite number?
True
Is 2092488173 prime?
True
Is 2457578 composite?
True
Is 16157627 a prime number?
True
Is 6323727 composite?
True
Is 14680021 prime?
False
Is 1892531 composite?
False
Is 3113507 composite?
True
Is 5938799 composite?
True
Is 779111 a prime number?
True
Is 6257773 a composite number?
True
Is 70755473 composite?
True
Is 421391 composite?
True
Is 798891715 a prime number?
False
Is 2087287 prime?
True
Is 1455833 composite?
False
Is 128917 a composite number?
True
Is 6484547 a composite number?
True
Is 85110703 a composite number?
True
Is 2031457 a prime number?
True
Is 2658277 prime?
False
Is 651713 prime?
False
Is 18798067 a composite number?
True
Is 757543 a prime number?
True
Is 287137 a composite number?
False
Is 637526242 prime?
False
Is 2509019 composite?
True
Is 1260139 a prime number?
False
Is 3942661 a composite number?
False
Is 2919967 prime?
True
Is 3670753 a prime number?
False
Is 1786021 composite?
False
Is 3977851105 a prime number?
False
Is 11103151 a prime number?
False
Is 476867 composite?
True
Is 25634711 composite?
True
Is 1785767 a prime number?
False
Is 5739439 a prime number?
True
Is 1539371 a composite number?
True
Is 1628519 a prime number?
False
Is 2779601 composite?
True
Is 12179813 prime?
True
Is 286037459 prime?
True
Is 9965399 a prime number?
True
Is 61898867 a prime number?
True
Is 3949799 prime?
False
Is 2130469 prime?
False
Is 482257285 a prime number?
False
Is 3089881 a prime number?
True
Is 239006 prime?
False
Is 4284103 a composite number?
False
Is 3776369 a composite number?
False
Is 1113294551 a prime number?
False
Is 22814333 prime?
True
Is 1015643 composite?
True
Is 29305921 a prime number?
False
Is 5096459 composite?
True
Is 38110262 prime?
False
Is 20010193 composite?
True
Is 1540774 a prime number?
False
Is 479416169 prime?
True
Is 31336619 prime?
False
Is 1161718 composite?
True
Is 1150007 prime?
False
Is 162899357 composite?
False
Is 8077847 a composite number?
False
Is 30161669 composite?
False
Is 69887911 a composite number?
False
Is 1707779 a composite number?
False
Is 470496629 composite?
False
Is 24460697 a composite number?
False
Is 2020787 a composite number?
True
Is 97710397 a composite number?
False
Is 14608267 a prime number?
False
Is 80269753 composite?
False
Is 132395489 prime?
False
Is 470900015 prime?
False
Is 25719401 a composite number?
False
Is 48945511 a prime number?
True
Is 1113122995 a composite number?
True
Is 22317821 a prime number?
False
Is 43096369 a composite number?
True
Is 45268147 a composite number?
False
Is 3776263 a prime number?
True
Is 14456237 prime?
True
Is 1908967 composite?
False
Is 2957839 prime?
False
Is 18839533 composite?
False
Is 53320549 a prime number?
True
Is 44032003 prime?
False
Is 78871805 a prime number?
False
Is 55708811 composite?
False
Is 75170491 a composite number?
True
Is 407352217 a prime number?
True
Is 10694807 prime?
True
Is 426913 prime?
True
Is 411857 a prime number?
False
Is 73083137 prime?
False
Is 576333007 a prime number?
True
Is 8382613 a composite number?
True
Is 1261129 prime?
False
Is 343353 a composite number?
True
Is 169618181 a composite number?
False
Is 213018401 prime?
True
Is 3529817 composite?
False
Is 80905807 prime?
True
Is 3680114 a prime number?
False
Is 38330497 a composite number?
False
Is 1006387 composite?
True
Is 114306919 prime?
True
Is 144416518 a prime number?
False
Is 164001601 a composite number?
True
Is 274111534 a prime number?
False
Is 45331921 a prime number?
False
Is 49981289 composite?
True
Is 14644103 a composite number?
True
Is 41269133 a prime number?
True
Is 138982423 prime?
True
Is 25947071 composite?
False
Is 178151681 prime?
True
Is 23442949 composite?
True
Is 37209943 prime?
False
Is 55798967 composite?
True
Is 13431947 a composite number?
True
Is 3531679 composite?
True
Is 2995181 composite?
True
Is 6941917 a prime number?
True
Is 113865497 a prime number?
False
Is 12290221 a prime number?
False
Is 10704091 a composite number?
False
Is 110093707 a composite number?
False
Is 174608671 composite?
True
Is 17368041 composite?
True
Is 13897711 a prime number?
True
Is 1732611 a composite number?
True
Is 2785697 prime?
True
Is 4929511 prime?
True
Is 3163651 a composite number?
True
Is 37454887 prime?
False
Is 804031 a composite number?
False
Is 26894753 a prime number?
False
Is 2582399 prime?
True
Is 60313633 a composite number?
False
Is 69477743 prime?
True
Is 1435783 composite?
False
Is 11901307 a prime number?
False
Is 29768147 prime?
False
Is 39797633 prime?
True
Is 673371813 composite?
True
Is 2642273 a prime number?
False
Is 2519369 a prime number?
True
Is 252995069 prime?
True
Is 309083 prime?
True
Is 22798141 a prime number?
True
Is 4093129 prime?
True
Is 60265127 a prime number?
False
Is 9788809 composite?
False
Is 778781323 a prime number?
False
Is 33638287 a composite number?
False
Is 847757831 prime?
True
Is 8192129 prime?
False
Is 78389 prime?
False
Is 245109169 a prime number?
False
Is 484567309 composite?
False
Is 130167839 prime?
False
Is 113962363 prime?
False
Is 19304309 prime?
True
Is 25741654 prime?
False
Is 1149943 a prime number?
True
Is 64480519 composite?
True
Is 1533331 a composite number?
False
Is 36104701 a prime number?
True
Is 3407081 a composite number?
False
Is 1347053 composite?
False
Is 2141681 a composite number?
False
Is 142716137 a prime number?
True
Is 1612069 composite?
False
Is 16104437 a composite number?
False
Is 841679 a prime number?
False
Is 2762063 a composite number?
False
Is 3493471 a composite number?
False
Is 6164573 prime?
False
Is 23603241 a prime number?
False
Is 36699238 a prime number?
False
Is 14754683 a prime number?
False
Is 501676223 composite?
False
Is 1457011 a prime number?
True
Is 1658411 prime?
True
Is 809035 composite?
True
Is 274248589 a prime number?
False
Is 8717113 a prime number?
True
Is 21699085 composite?
True
Is 4892995 prime?
False
Is 1251641 a composite number?
False
Is 579611297 a composite number?
False
Is 6973771 a composite number?
True
Is 74957353 composite?
False
Is 19572533 composite?
False
Is 6094481 a prime number?
True
Is 89367503 composite?
False
Is 705941839 prime?
False
Is 163711831 a composite number?
False
Is 968641 a prime number?
True
Is 34385321 prime?
False
Is 14960215 prime?
False
Is 1928011 composite?
False
Is 3632387 composite?
True
Is 38777281 a composite number?
True
Is 7238359 prime?
False
Is 83914937 a prime number?
True
Is 224801 a prime number?
False
Is 449751421 a prime number?
False
Is 1352903 a prime number?
True
Is 7508623 a composite number?
True
Is 129321761 composite?
False
Is 8582869 composite?
True
Is 107760883 prime?
True
Is 46434785 prime?
False
Is 7162073 composite?
False
Is 274217677 prime?
True
Is 982655671 prime?
True
Is 12421559 prime?
False
Is 892237 a prime number?
True
Is 242855707 a prime number?
True
Is 1497173 a prime number?
False
Is 3569593 a prime number?
False
Is 263170247 a composite number?
False
Is 5889797 prime?
False
Is 13893441 a composite number?
True
Is 3092867 a composite number?
True
Is 9116061 prime?
False
Is 19271365 a composite number?
True
Is 18116881 composite?
True
Is 71471801 a prime number?
True
Is 21888857 composite?
True
Is 62884097 prime?
False
Is 23853077 a prime number?